d 9?
9
Let i(k) = -k**2 + 12*k - 30. Let g be i(6). What is the greatest common divisor of g and 12?
6
Let b(a) = 3*a**2 - 5*a + 5. Let n be b(5). Let p(k) = 24*k**2 - k - 1. Let t be p(-1). Let d = 35 - t. Calculate the greatest common divisor of d and n.
11
Let m(q) = q**2 + 4*q + 4. Let t be 1*(-3 - 2*-4). Let r be (-1)/3*t*3. Let j be m(r). Calculate the greatest common factor of j and 36.
9
Suppose -3*x + 4*z + 81 = 0, 2*x - 5*z = -0*z + 47. What is the highest common divisor of x and 155?
31
Let q be (-4)/(-6) + 1074/9. What is the greatest common divisor of q and 48?
24
Let p(z) = z + 7. Let i be p(10). Suppose o - 4*g - i = 0, -2*o - 5*g = -4*o + 22. Let u be ((-28)/12)/(o/(-3)). What is the highest common divisor of u and 14?
7
Let g be (4/3)/(6/9). Suppose -7*h + g*h + 55 = 0. What is the greatest common divisor of h and 1?
1
Let r(n) = n**3 - 4*n**2 + 4*n + 6. Let h be r(4). What is the highest common divisor of 110 and h?
22
Let d be -1 - (30/(-2) + 3). Suppose 5*s = -5*c + 235, -5*s - 11 = c - 70. Calculate the highest common factor of d and c.
11
Let c be (-8)/28 + (-9)/(-7). Calculate the greatest common factor of 1 and c.
1
Let u(m) = 19*m**3 - m**2 - 2*m - 1. Let n be u(2). Let h(l) = l + 19. Let a be h(-6). Calculate the greatest common divisor of n and a.
13
Suppose 3*s + 5*o - 39 = 0, -3*o - 31 = -2*s - 3*s. Let z be s - 5 - 3/1. Let w be -1*(-65 + z) + -2. What is the highest common factor of w and 9?
9
Let p be 1/4*(-3 + 35). Let d be 1/((-2)/4) + 74. What is the greatest common divisor of d and p?
8
Suppose -2*b = b - 33. Suppose 2*k - 8*h + 2 = -6*h, -k = -4*h + 7. What is the highest common divisor of b and k?
1
Suppose -5*b - 2*w = -70, 7 = 2*b - 3*w - 2. Suppose -132 = -2*y + b. Suppose 3*p - 6 - y = 0. Calculate the highest common factor of 65 and p.
13
Let p(n) = n + 17. Let a be p(-5). Calculate the highest common factor of a and 96.
12
Let m = 13 + -11. Suppose -m*b = b - 6. Calculate the highest common divisor of 6 and b.
2
Let p = 46 + -47. Let h = -10 - -14. Let x be -2*26*p/h. What is the greatest common divisor of 91 and x?
13
Let j(p) = p**2 - 5*p + 4. Let b be (14/(-4))/(10/(-20)). Suppose 4*c - b*c + 15 = 0. Let f be j(c). Calculate the greatest common divisor of f and 4.
4
Let s be -1 + (1/5 - (-1898)/10). Calculate the greatest common divisor of s and 27.
27
Suppose -5*t + 37 = 4*u - 0*u, 0 = -u - t + 10. Calculate the greatest common divisor of u and 104.
13
Let o(q) = -q**2 + 8*q - 8. Let g be o(7). Let w(j) = -20*j. Let r be w(g). What is the highest common factor of r and 4?
4
Let r be 1 + -4 - 0 - -6. Calculate the greatest common factor of r and 1.
1
Suppose 4*a - 83 = -15. Calculate the greatest common factor of 153 and a.
17
Let y be -1*3*(-3 + 0). Suppose 2*n + 350 = 7*n - 5*q, 5*q = 3*n - 206. Let j = n + -9. What is the highest common factor of y and j?
9
Let t be 3 - (1 - 0) - -34. Calculate the greatest common factor of 4 and t.
4
Suppose 2*h - 88 - 110 = 2*y, -4*h = 2*y - 414. Let p = h - -42. What is the greatest common divisor of p and 16?
16
Let v = 7 - 5. Suppose 0 = 4*f + 4, -3*f + f + 106 = -3*t. Let w = -16 - t. Calculate the greatest common divisor of v and w.
2
Let t = 7 - -60. Suppose -s = 4*r - 33, -2*s + t = s - 4*r. What is the highest common factor of 125 and s?
25
Suppose 3*g - 4*x - 23 = x, 4*g - 20 = -4*x. Suppose -3*t - 6 = 6. Let i be (-71)/t + (-2)/(-8). Calculate the greatest common factor of i and g.
6
Suppose 9 = 3*n, k + 0*n - 148 = 2*n. Let m be -2 - (-16 + 0)/1. Calculate the highest common divisor of m and k.
14
Suppose -2*q + 6 = -8. Suppose -q = -4*t + o, -33 = -5*t - 4*o + 2. Suppose c = t*c - 20. What is the highest common factor of 70 and c?
10
Let z(l) = 2*l - 1. Let d be z(4). Calculate the highest common divisor of d and 56.
7
Suppose -3*x = -0*x + 30. Let z = -6 - x. Suppose -2*p + z*p = 16. Calculate the greatest common factor of p and 4.
4
Let w = 56 - 50. Calculate the highest common divisor of 8 and w.
2
Let o(g) be the third derivative of 1/60*g**5 + 0 + 2*g**2 + 2/3*g**3 - 1/8*g**4 + 0*g. Let z be o(5). Calculate the greatest common divisor of 112 and z.
14
Let d(c) = -c + 5. Let x be d(-7). Calculate the highest common divisor of 4 and x.
4
Let y = 34 + -22. Let t = -5 + 23. Let i = -12 + t. What is the highest common factor of i and y?
6
Suppose 4*i + 5*d - 13 = 0, 3*i + i - 6 = 2*d. Let z = 52 - 47. What is the greatest common factor of z and i?
1
Let d be -88*1*(-1)/2. Suppose d = 5*i - i. Let u = -1 + 45. What is the highest common divisor of i and u?
11
Suppose -5*t + 7*h = 4*h - 216, -6 = 3*h. Let g = t + -25. Calculate the greatest common divisor of g and 85.
17
Suppose 0 = 7*s - 2*s + 25, -5*s - 15 = 5*t. What is the greatest common divisor of t and 10?
2
Let t be 6/(-4) - (-185)/10. Let w(p) = p**2 + p - 5. Let j be w(7). Calculate the highest common factor of j and t.
17
Suppose -l = -1 + 23. Let u = 52 + l. Calculate the highest common divisor of u and 240.
30
Let x(w) = 2*w**2 + 11*w - 9. Let q be x(-10). Calculate the greatest common factor of 9 and q.
9
Let v be -3*(57/9 + -1). Let i be ((-20)/v)/(2/8). Calculate the highest common factor of i and 35.
5
Let z(u) = -11 + 8 + 2 - 4*u. Let b be z(-4). Calculate the highest common divisor of b and 45.
15
Let g(l) = l**3 - 2*l**2 + 7*l - 5. Let b be g(2). Calculate the greatest common factor of b and 9.
9
Suppose -2*f + 28 = -5*l, 0 = -f + 2*l - 11 + 26. Suppose 3*r + 1 - f = 0. Let n(k) = k + 1. Let b be n(0). Calculate the greatest common divisor of b and r.
1
Let c(g) = -3*g + 2. Let p be c(2). Let q be (p/2)/((-4)/110). Calculate the highest common factor of 5 and q.
5
Let p(m) = -m**2 - 3*m - 2. Let g(t) = -2*t**2 + 3*t + 4. Let y be g(3). Let r be p(y). Let o = r - -31. What is the highest common divisor of o and 19?
19
Let p = -4 - -19. Suppose -5*i = -3*o + 5, 2*o + i + 0 = 12. Suppose 2*x = x + o. What is the highest common divisor of p and x?
5
Let c = 237 + -210. Calculate the greatest common factor of c and 216.
27
Let w(y) = y**3 - y**2 + y + 26. Let u be w(0). What is the highest common factor of 208 and u?
26
Let u(l) = l**2 - 31*l + 60. Let s be u(29). Calculate the highest common divisor of s and 14.
2
Suppose 4 = -3*u - 11. Let t be 2/3 + 73/3. Let b be ((-16)/5)/(u/t). Calculate the highest common factor of b and 4.
4
Suppose 0*p + 4*p = 16. What is the highest common factor of 16 and p?
4
Let o(t) = t - 6. Let m be o(6). Suppose m = -l + 15 + 5. Suppose 0 = 5*g - 5*w - l, 5*g + w - 1 = g. Calculate the greatest common divisor of 1 and g.
1
Suppose -y + 9 = -90. Suppose 0 = d - 3, -4*u = 5*d - y + 20. What is the greatest common factor of 40 and u?
8
Let j(x) = x**3 + 9*x**2 - 10*x + 12. Let q be (-3)/(-6)*(-2 - 18). Let h be j(q). What is the greatest common divisor of 8 and h?
4
Let y = 242 + -118. What is the greatest common factor of y and 31?
31
Let a(l) = l**2 + 5*l + 5. Let y be a(-5). Suppose 0*f - f = -y. Suppose -f - 5 = -5*o. Calculate the greatest common factor of o and 10.
2
Suppose -5*f + 16 + 4 = 0, 4*x - 132 = f. What is the highest common factor of 374 and x?
34
Suppose -2*d - 463 = -5*x, 3*x - 2*d - 289 = 2*d. Let v = x + -7. What is the highest common factor of 12 and v?
12
Suppose -4*q = -5*q + 2, 2*u = -3*q + 56. Calculate the greatest common divisor of u and 125.
25
Let d be (-12)/9*6/(-4). Let f be (d - 4)*-1*4. What is the greatest common factor of 88 and f?
8
Let x(u) = -u**2 + 7*u - 6. Let f be x(6). Let l = 4 - f. Calculate the highest common divisor of 36 and l.
4
Let y be 63/12 - (-2)/(-8). Suppose -5*k + 4*k = 3. Let w be 2/3*k/(-2). Calculate the highest common factor of y and w.
1
Let i(s) = s**3 + 9*s**2 + 9*s + 9. Let k be i(-7). Suppose -17 = -7*w + 11. Calculate the highest common factor of w and k.
4
Suppose -4*i - p = -241, -3*p + 1 = -2. Let b be (-46)/(-4) - (-1)/2. What is the greatest common factor of b and i?
12
Suppose -a - 312 = -2*r + 3*a, 4*r + 2*a = 614. Calculate the highest common factor of r and 14.
14
Let y(d) = -d**2 - 17*d - 27. Let w be y(-14). What is the greatest common factor of w and 195?
15
Suppose -p + 88 = 3*w, 0 = -3*p - 2*p - 10. Suppose -4*t - 40 + 88 = 0. Calculate the greatest common divisor of w an